{"id":58,"date":"2016-06-28T15:26:53","date_gmt":"2016-06-28T12:26:53","guid":{"rendered":"http:\/\/www.sosiologi.fi\/?page_id=58"},"modified":"2024-03-29T06:49:38","modified_gmt":"2024-03-29T04:49:38","slug":"lehdesta","status":"publish","type":"page","link":"https:\/\/www.sosiologi.fi\/?page_id=58","title":{"rendered":"Lehdest\u00e4"},"content":{"rendered":"<p style=\"text-align: right;\"><strong><em>&#8221;Positivismin perustajana tunnettu Auguste Comte (1798\u20131857) oli ensimm\u00e4inen, joka k\u00e4ytti ilmaisua sosiologia vuonna 1830. Sana muodostuu latinan kielen sanoista socius (kumppani) ja logia (oppi). H\u00e4n k\u00e4ytti uudesta tieteest\u00e4 nimityst\u00e4 \u201dphysique sociale\u201d. T\u00e4ll\u00e4 Comte halusi korostaa, ett\u00e4 h\u00e4nen esikuvanaan oli erityisesti fysiikka joka tunnettiin ajan edistyneimp\u00e4n\u00e4 tieteen\u00e4.&#8221;<\/em><\/strong><\/p>\n<p style=\"text-align: right;\">L\u00e4hde: Wikipedia<\/p>\n<p>Westermarck-seuran opiskelijoiden (<a href=\"http:\/\/sosiologia.wordpress.com\/\">WOPin<\/a>) julkaisema verkkolehti <em>Sosiologi<\/em> toimii suomalaisten sosiologian opiskelijoiden yhdyssiteen\u00e4 ja viestint\u00e4v\u00e4lineen\u00e4. Lehdess\u00e4 julkaistaan etup\u00e4\u00e4ss\u00e4 opiskelijoiden tuottamia tekstej\u00e4, jotka voivat olla tutkimus- tai seminaaripapereita, katsauksia, esseit\u00e4, haastatteluita, kolumneja, arvioita ja esittelyit\u00e4, puheenvuoroja ja kannanottoja, mutta my\u00f6s vapaamuotoisempia ja kokeilevampia tekstej\u00e4. Opiskelijoille lehti tarjoaa kanavan saada kirjoituksiaan esille ja toisaalta mahdollisuuden saada ulkopuolista n\u00e4k\u00f6kulmaa ja rakentavaa palautetta teksteihins\u00e4. T\u00e4ss\u00e4 mieless\u00e4 lehti toimii opiskelijoiden kirjoituskouluna. Suomalaisen sosiologian kent\u00e4ss\u00e4 <em>Sosiologin<\/em> on paikka <em>Sosiologia<\/em>-lehden (ja muiden sosiologisia tekstej\u00e4 julkaisevien journaalien) ja ainej\u00e4rjest\u00f6lehtien v\u00e4limuotona. Avoimena verkkolehten\u00e4 julkaistava <em>Sosiologi<\/em> on my\u00f6s n\u00e4it\u00e4 laajemmin saavutettavissa.<\/p>\n<p><i>Sosiologi\u00a0<\/i>ilmestyy syksyisin ja kev\u00e4isin. Kirjoituksia voi l\u00e4hett\u00e4\u00e4 meille milloin vain, sill\u00e4 ajankohtaiskyn\u00e4ss\u00e4 julkaisemme tekstej\u00e4 varsinaisten numeroiden ulkopuolelta.<\/p>\n<p>L\u00e4het\u00e4 juttu tai juttuehdotus osoitteeseen sosiologilehti@gmail.com.<\/p>\n<p><strong>Toimituskunta:<\/strong><\/p>\n<p>Kaisa Heiskanen<\/p>\n<p>Anniina Palokangas<\/p>\n<p>Aleksi Isokoski<\/p>\n<p><strong>Verkkosivut:<\/strong><\/p>\n<p>Kaisa Heiskanen, kaisa.heiskanen@tuni.fi<\/p>\n<p>Anniina Palokangas, anpaloka@uef.fi<\/p>\n<p><strong>Logo:<\/strong><\/p>\n<p>Katri Salovaara, ksalovaa@ulapland.fi<\/p>\n<p><b>Kuvat:<\/b><\/p>\n<p>Sivulla k\u00e4ytettyin\u00e4 kuvina toimii kirjoittajien omat kuvat tai kuvien l\u00e4htein\u00e4 toimii mm. <a href=\"https:\/\/pixabay.com\">Pixabay <\/a><\/p>\n","protected":false},"excerpt":{"rendered":"<p>&#8221;Positivismin perustajana tunnettu Auguste Comte (1798\u20131857) oli ensimm\u00e4inen, joka k\u00e4ytti ilmaisua sosiologia vuonna 1830. Sana muodostuu latinan kielen sanoista socius (kumppani) ja logia (oppi). H\u00e4n k\u00e4ytti uudesta tieteest\u00e4 nimityst\u00e4 \u201dphysique sociale\u201d. T\u00e4ll\u00e4 Comte halusi korostaa, ett\u00e4 h\u00e4nen esikuvanaan oli erityisesti fysiikka joka tunnettiin ajan edistyneimp\u00e4n\u00e4 tieteen\u00e4.&#8221; L\u00e4hde: Wikipedia Westermarck-seuran opiskelijoiden (WOPin) julkaisema verkkolehti Sosiologi toimii &hellip; <\/p>\n","protected":false},"author":1,"featured_media":0,"parent":0,"menu_order":0,"comment_status":"open","ping_status":"open","template":"","meta":[],"_links":{"self":[{"href":"https:\/\/www.sosiologi.fi\/index.php?rest_route=\/wp\/v2\/pages\/58"}],"collection":[{"href":"https:\/\/www.sosiologi.fi\/index.php?rest_route=\/wp\/v2\/pages"}],"about":[{"href":"https:\/\/www.sosiologi.fi\/index.php?rest_route=\/wp\/v2\/types\/page"}],"author":[{"embeddable":true,"href":"https:\/\/www.sosiologi.fi\/index.php?rest_route=\/wp\/v2\/users\/1"}],"replies":[{"embeddable":true,"href":"https:\/\/www.sosiologi.fi\/index.php?rest_route=%2Fwp%2Fv2%2Fcomments&post=58"}],"version-history":[{"count":40,"href":"https:\/\/www.sosiologi.fi\/index.php?rest_route=\/wp\/v2\/pages\/58\/revisions"}],"predecessor-version":[{"id":2038,"href":"https:\/\/www.sosiologi.fi\/index.php?rest_route=\/wp\/v2\/pages\/58\/revisions\/2038"}],"wp:attachment":[{"href":"https:\/\/www.sosiologi.fi\/index.php?rest_route=%2Fwp%2Fv2%2Fmedia&parent=58"}],"curies":[{"name":"wp","href":"https:\/\/api.w.org\/{rel}","templated":true}]}}